6 and 119066858?
1966
What is the greatest common divisor of 142 and 60940010?
142
Calculate the highest common factor of 3088445 and 2495.
5
What is the highest common factor of 1424 and 9904?
16
Calculate the greatest common factor of 3285911 and 463.
463
Calculate the greatest common factor of 1596 and 325852128.
1596
Calculate the greatest common divisor of 2602604 and 7828.
412
Calculate the greatest common divisor of 2658909 and 4531.
197
What is the greatest common divisor of 60 and 42215232?
12
What is the highest common factor of 170286 and 26?
2
Calculate the greatest common factor of 80476 and 14706648.
1364
Calculate the highest common factor of 734580 and 460380.
60
Calculate the highest common factor of 2286504 and 441.
9
Calculate the highest common divisor of 164979 and 12327199.
797
Calculate the greatest common divisor of 4862689249 and 1067.
1067
What is the greatest common divisor of 770 and 19327550?
110
What is the greatest common factor of 109012508 and 15631?
319
What is the greatest common divisor of 2066015 and 595?
35
Calculate the highest common divisor of 370892 and 48.
4
What is the highest common divisor of 51357 and 1627977?
57
What is the highest common factor of 383950 and 112490?
70
Calculate the greatest common factor of 192896 and 124396.
548
What is the greatest common factor of 5218237 and 283?
283
What is the highest common divisor of 10383867 and 351?
117
Calculate the greatest common factor of 51830110 and 10.
10
What is the greatest common factor of 1569098151 and 747?
747
Calculate the highest common divisor of 82812824 and 4.
4
Calculate the highest common divisor of 26313697 and 148.
37
Calculate the highest common divisor of 362 and 28232923.
181
What is the greatest common factor of 602077439 and 29?
29
Calculate the greatest common divisor of 83592 and 1971808.
344
What is the greatest common factor of 3692 and 1484468?
284
What is the highest common factor of 4392448 and 20608?
2944
Calculate the greatest common divisor of 66 and 86390414.
22
Calculate the highest common divisor of 16302 and 1236672.
114
What is the highest common divisor of 1378 and 1136638?
106
Calculate the greatest common factor of 43308 and 455004.
108
What is the highest common divisor of 14623327 and 177?
59
Calculate the highest common factor of 60 and 233234535.
15
What is the greatest common factor of 46496 and 38992?
16
What is the highest common divisor of 986 and 27920736?
58
What is the greatest common factor of 903555 and 3195?
45
Calculate the highest common divisor of 1860650 and 145860.
1870
What is the greatest common factor of 204271596 and 65646?
9378
Calculate the highest common divisor of 30 and 147703656.
6
Calculate the highest common divisor of 4777918 and 272.
34
What is the highest common divisor of 8644958 and 3654?
406
Calculate the greatest common divisor of 27816 and 20296.
8
What is the highest common factor of 1778629 and 906?
151
What is the greatest common factor of 150 and 223910025?
75
Calculate the greatest common divisor of 946880 and 1360.
80
What is the highest common factor of 70928165 and 935?
935
Calculate the highest common factor of 256027472 and 13956.
4652
Calculate the highest common divisor of 7533 and 870912.
243
What is the greatest common factor of 50673210 and 1750?
70
What is the greatest common factor of 1584 and 41926176?
144
Calculate the greatest common divisor of 76 and 1170908.
4
What is the highest common factor of 1348201 and 304954?
317
Calculate the highest common divisor of 306180 and 176148.
756
Calculate the highest common factor of 77640120 and 65286.
5022
What is the highest common divisor of 4202128 and 357?
119
What is the greatest common divisor of 164 and 15111206?
82
Calculate the highest common factor of 685645 and 429703.
241
Calculate the highest common factor of 124 and 5941987.
31
Calculate the highest common factor of 40 and 51151160.
40
Calculate the highest common factor of 42 and 650679190.
14
Calculate the greatest common divisor of 13400898 and 273.
21
Calculate the highest common divisor of 140295 and 4464906.
141
What is the greatest common factor of 267 and 1543679457?
267
Calculate the highest common factor of 22940 and 15562.
62
What is the greatest common divisor of 4716 and 269994537?
1179
What is the greatest common divisor of 145411288 and 121?
11
Calculate the greatest common divisor of 154 and 88186.
14
Calculate the greatest common factor of 1469 and 1143194.
13
What is the highest common factor of 1729 and 8580039?
247
Calculate the greatest common factor of 124 and 431044.
4
What is the highest common factor of 322641219 and 1779?
1779
What is the greatest common divisor of 411482 and 4811?
283
What is the greatest common divisor of 12724364 and 2754?
34
What is the greatest common divisor of 838 and 288948266?
838
What is the highest common divisor of 554410989 and 198?
99
What is the highest common divisor of 25301344 and 8576?
2144
What is the greatest common factor of 265959 and 1280883?
3057
Calculate the greatest common divisor of 179130 and 14070.
210
Calculate the greatest common divisor of 33300 and 3850.
50
Calculate the highest common factor of 34444 and 9747494.
158
What is the greatest common factor of 23660 and 166420?
20
What is the highest common factor of 33516860 and 28730?
2210
Calculate the highest common factor of 797850 and 75.
75
Calculate the highest common factor of 211216 and 30788.
172
Calculate the greatest common factor of 819 and 203616.
63
Calculate the greatest common factor of 33854898 and 126.
42
What is the greatest common factor of 373154064 and 144?
48
Calculate the highest common divisor of 68 and 329316.
4
Calculate the highest common factor of 342450 and 16885068.
4566
What is the highest common divisor of 650656988 and 4514?
4514
What is the highest common factor of 12288 and 88896?
192
What is the greatest common divisor of 26 and 1099982?
26
What is the highest common divisor of 39303197 and 4604?
1151
What is the highest common divisor of 51175190 and 584?
146
Calculate the highest common factor of 51671 and 22168.
163
What is the highest common divisor of 6469568 and 925120?
3136
Calculate the greatest common divisor of 9093911 and 6280.
157
Calculate the highest common divisor of 8412786 and 162.
18
What is the greatest common factor of 16334851 and 4199?
247
Calculate the highest common divisor of 3097444 and 28.
28
What is the highest common factor of 118 and 23248891?
59
Calculate the greatest common factor of 103 and 89579203.
103
Calculate the highest common factor of 3432 and 44018.
26
What is the highest common divisor of 570242155 and 570?
95
What is the highest common divisor of 203 and 15322748?
7
Calculate the greatest common factor of 403 and 47879.
13
What is the highest common factor of 12446 and 81298?
14
What is the highest common divisor of 63381 and 327183?
1713
Calculate the greatest common factor of 903 and 16389149.
301
What is the greatest common factor of 1614150 and 602055?
765
What is the highest common divisor of 29888 and 18876140?
1868
Calculate the highest common divisor of 39474 and 1453572.
2322
What is the highest common factor of 229350 and 71115?
165
Calculate the greatest common divisor of 15600 and 42991.
13
Calculate the highest common divisor of 1372897 and 155.
31
Calculate the highest common factor of 47 and 306070439.
47
Calculate the highest common factor of 238492 and 14388.
436
Calculate the greatest common factor of 512616 and 231384.
744
What is the highest common divisor of 644546948 and 347?
347
Calculate the greatest common factor of 2315150 and 553199.
2437
What is the highest common factor of 4884 and 4638579?
1221
What is the highest common factor of 269645 and 2794955?
995
Calculate the highest common factor of 6109449 and 93.
93
What is the greatest common divisor of 3875 and 40625?
125
Calculate the highest common divisor of 125491408 and 280.
56
Calculate the greatest common factor of 861812 and 4508.
196
Calculate the highest common factor of 53416 and 58036.
44
What is the greatest common factor of 1154 and 86129367?
577
Calculate the greatest common factor of 528 and 4950352.
176
What is the greatest common factor of 85 